e units digit of 11/1 + c - 0?
9
Let k be (2 - -2)/((-3)/(-3)). Suppose 6*i - 28 = k*i. What is the units digit of i?
4
Suppose 0 = 6*o - o - 40. Suppose -g + 0*r = r - 2, -o = -4*g + r. What is the units digit of g?
2
Suppose 3*l = 3*x + 12, -4 = 2*x - 3*l + 5. Let c = x + 2. What is the units digit of (6/(-8))/(c/4)?
3
Suppose 126 = 5*p + 11. What is the units digit of p?
3
Let b(v) = v + 4. Let a be b(-6). Let i be (0 + a)*15/(-2). What is the units digit of (16/6)/(5/i)?
8
Suppose -5*m = 3*c - 2*c - 12, 3*m - 8 = -c. Suppose -5*q = 5*w - 25, c*q = -w + 7 - 0. What is the units digit of (-2)/w*3 - -10?
8
Let s(n) = 44*n - 4. What is the tens digit of s(2)?
8
Let s be (-20)/8*18/15. Let n be -2 - s/6*6. Suppose 0 = -w + 10 + n. What is the tens digit of w?
1
Let v(q) = -q**3 + 6*q**2 + 11*q - 9. Let g be v(7). Let y = g + -8. What is the units digit of y?
1
Let a = 48 + -2. What is the units digit of (-15)/20 - a/(-8)?
5
Let k(i) = i**2 + 8*i - 6. Let o be k(-9). Let s = -3 + o. Suppose -b + 5 + 1 = s. What is the units digit of b?
6
Suppose -2*l + 420 = 4*t, -177 = -5*t - 2*l + 348. What is the units digit of t?
5
Let h = -4 - -7. Let a(g) = -g - 1. Let m be a(h). Let k = m + 11. What is the units digit of k?
7
Suppose 315 = 5*b - 210. What is the hundreds digit of b?
1
Suppose 5*i + 1 = -3*x, 0*x - 3*x + 3*i = -15. Let p = 2 + x. What is the units digit of (3 + -7)/((-2)/p)?
0
Suppose -4*q = -19 - 101. What is the units digit of q?
0
Suppose 0 = -p - 3*p + 8. Let t(d) = 10*d - 4 - 14*d - 4 + d**p. What is the units digit of t(7)?
3
Let y be 72/(-15)*(-30)/4. What is the units digit of 2/(2/y*4)?
9
Let x = -12 + 14. Suppose -b + x*b = 14. What is the units digit of b?
4
Let t = -3 + 6. Suppose 4*c = t + 5. What is the units digit of c?
2
Suppose 0*b - 55 = -3*m + b, 0 = -5*m - b + 89. Suppose m = -3*l + 2*l. What is the units digit of (-94)/l + (-10)/45?
5
Let a be (-1)/(-3 - (-4)/2). Let d(i) = 33*i**3 - 1. Let j be d(a). Suppose 0 = 5*x - l - j, 2*l + 34 = 3*x + 2*x. What is the units digit of x?
6
Let w(d) = d**3 - 5*d**2 + 6*d - 5. Let y be w(4). Suppose 4*l - 83 = y*z, -l = -2*l - z + 19. What is the tens digit of l?
2
What is the units digit of (2 - (-2586)/27) + 8/36?
8
Suppose -5*t + 43 = -42. Let x = t - 11. Suppose -35 = -x*l + l. What is the units digit of l?
7
Suppose -6*s = -4*s - 334. What is the units digit of s?
7
Let r be (6/4)/((-15)/(-50)). Suppose z = -3*o + 100, r*o - 2*z + 4*z = 168. Suppose 2*h + o = 4*h. What is the tens digit of h?
1
Suppose -4*m - 2*m = 630. What is the units digit of 40/(-14)*m/6?
0
Let s = -151 + 236. What is the tens digit of s?
8
Suppose d + 20 = 6*d. Suppose -d = f - 3*f. Suppose 4*j - 56 = -4*b, 0 = -f*j - 3*b + 7*b + 4. What is the units digit of j?
0
Suppose 2*p + 2*s - 8 = 0, -p + 6*p + 3*s - 22 = 0. Suppose 80 = p*x + 2*o, 5*x = 3*x - 4*o + 16. What is the units digit of x/(4*2/4)?
9
Let n = 63 + -26. Suppose 5*r - 41 = 2*r - 5*o, 4*o - n = -3*r. Let s = 8 - r. What is the units digit of s?
1
Suppose -3*i - 5*k + 68 = 5, 4*k + 21 = i. What is the units digit of i?
1
Let m(r) = 3*r - 2*r + 4*r - 4*r - 5. Let x be m(6). What is the units digit of 3 + (x - -7)/2?
7
Suppose -2*i + 1170 = -7*i. What is the units digit of 2/7 - i/63?
4
Suppose 0 = -3*z + 4 + 2. Suppose -6*m + z = -5*m. Suppose 0*v + 8 = 2*v, 5*v + 6 = m*i. What is the tens digit of i?
1
Let q = 3 + -2. Let s(j) be the third derivative of j**4/12 + j**2. What is the units digit of s(q)?
2
Suppose -4*i - 1 + 5 = 0. What is the tens digit of 45/(i + 2) + -1?
1
Suppose 5*a - 3*r - 407 = 0, -4*r + 98 = 2*a - 70. What is the tens digit of a?
8
What is the units digit of 834/18 - (-1)/(-3)?
6
Suppose 2*i - 2*h - 18 = i, -4*i + 27 = h. What is the units digit of i?
8
Let b be ((-2)/(-4))/((-3)/(-6)). Let t = b + -1. Suppose 0 = -a - t + 1. What is the units digit of a?
1
Let t = 25 - 9. Suppose 0 = k + k - t. Suppose v - k = 7. What is the tens digit of v?
1
Let u = -4 + 1. Let v be u/(-1*3)*3. Suppose -v*z + 5*f + 2 + 6 = 0, 3*z = -2*f + 1. What is the units digit of z?
1
Suppose 0 = -18*d + 20*d - 564. What is the hundreds digit of d?
2
Let d be 3/(-3)*(1 + 0). Let r(c) = -13*c**2 - 9*c. Let m(h) = -6*h**2 - 4*h. Let u(y) = -7*m(y) + 3*r(y). What is the units digit of u(d)?
2
Suppose -4*q - 97 = -3*t - 2*q, -165 = -5*t + 4*q. Let z = t - 17. Let b = -8 + z. What is the units digit of b?
4
Let b be (8/(-10))/((-4)/20). Suppose 4*d = 5*h + 3 + 6, b*h = -4*d. Suppose 4*o = -3*j + 16 + d, -4*j - 14 = -2*o. What is the units digit of o?
5
Let c(u) = -13 - 2*u + 3 - 1. Let w be c(-8). Suppose 13 = 2*k - w*r, -3*k + r = -13 - 26. What is the tens digit of k?
1
Suppose n - 3*k - 44 = 0, -k - 75 + 257 = 3*n. What is the units digit of n?
9
Suppose 0 = -5*z - 6*j + j + 50, 4*z - 3*j = 26. Let t = 1 + z. What is the units digit of t?
9
Let m be 9 - ((-16)/4)/(-2). Suppose -11*g + 124 = -m*g. What is the tens digit of g?
3
Suppose -2 = -h - 3*x + 22, 4*h = -4*x + 56. Let g = -6 + h. Suppose -37 = -g*t - 2*z, 3*t + t + 2*z = 48. What is the units digit of t?
1
Suppose 0 = -5*n + 8 + 12. Suppose 0*z + n*z = 8. What is the units digit of (-21)/(-6)*(0 + z)?
7
Let o(d) = d**3 - 7*d**2 + 4*d + 9. What is the units digit of o(7)?
7
Let n(j) = -3*j + 7. What is the units digit of n(-14)?
9
Suppose -r + 0 = 8. Let u(s) = -2*s - 2. What is the tens digit of u(r)?
1
Let b = 174 + -127. What is the tens digit of b?
4
Suppose -3*k = y + 358, -2*k + y - 235 = -2*y. Let d = -78 - k. What is the tens digit of d?
4
Let p be 350/8 + (-2)/(-8). Suppose p = 3*x + x. What is the tens digit of x?
1
Let n(s) = -s**3 - 9*s**2 - 11*s - 9. What is the tens digit of n(-9)?
9
Suppose 0 = -3*m + 7*m + 8. Let z be (m/(-4))/(4/64). Suppose 0 = -4*d + 3*c + z, -6*d + d + 10 = 2*c. What is the units digit of d?
2
Let n = -62 + 90. What is the tens digit of n?
2
Let z = 74 + -10. What is the units digit of z?
4
Suppose 3*m + 60 = -24. Let w be m/(-21) + 2/3. Suppose 4*x = 5*g - 0*g - 79, w*x = -4*g + 58. What is the tens digit of g?
1
Let j = -3 + 32. What is the tens digit of j?
2
Let h be 2 - (0 - (3 + 1)). Suppose -5*s + 29 = -h. What is the units digit of s?
7
Let v be ((-3)/1 - -9) + -3. Suppose w + 41 = -3*w + 5*s, 3*w = -v*s - 24. Let p = 10 - w. What is the units digit of p?
9
Suppose 8*p - 4*p = 76. What is the units digit of (-1 - 0) + p + -1?
7
Let c(o) = -10*o + 2*o**3 + o**2 + 2 - 1 + 10*o. What is the units digit of c(2)?
1
Let n(m) = -9*m**2. Let o be n(1). Suppose 31 + 29 = 4*b. Let z = o + b. What is the units digit of z?
6
Suppose -4*n - 142 = -3*u, n + n = -2*u + 76. What is the tens digit of u?
4
Let o(z) = -z**2 - 3*z + 3. Let m = -1 - 0. Let h = m + -2. What is the units digit of o(h)?
3
Suppose -4*v - v = -30. Suppose -2*w - 6 = -5*w. Suppose 6 = 2*a + j, -w*a + j - 4 = -v. What is the units digit of a?
2
Suppose 5*x - 29 - 26 = 0. Suppose 2*q + x = 3*q. What is the tens digit of q?
1
Suppose -5*p + 3*n = -0*n - 299, 4*p - 229 = -n. What is the tens digit of p?
5
Let z(c) = c - 7. Suppose -n - 1 + 6 = 0. Let m be z(n). What is the units digit of 1/(m*1 + 3)?
1
Let q(z) = -6*z - 8. Let h be q(-6). Suppose h = r - 2. Suppose 0 = 2*i + i - r. What is the tens digit of i?
1
Suppose 0 = -4*h - 5 + 9. What is the units digit of h?
1
Suppose -f - 16 = -5*f. Suppose 4*j + 17 = f*m + 5, 2*m - 5*j = -6. Let p = m - 6. What is the units digit of p?
1
What is the units digit of 167/1 - 9/(-3)?
0
Suppose -4*s + 24 = -4*c, -2*s - 4*c + 12 = -c. Suppose -15 - 10 = -5*i. Let u = s - i. What is the units digit of u?
1
What is the units digit of 7/(-35) + ((-36)/(-5) - 2)?
5
What is the tens digit of (-2)/(-11) - (-885)/33?
2
Let p = 4 - -23. What is the units digit of p?
7
Let q be 4/(-10) + 129/(-15). Let x = -3 - -18. Let v = x + q. What is the units digit of v?
6
Suppose -2*p = -3*g + 172, 2*p + 308 = 5*g + 4*p. What is the tens digit of g?
6
Suppose -t + 1513 = 5*h - 2*t, -3 = t. What is the tens digit of h?
0
Let d = -43 + 107. What is the units digit of d?
4
Suppose -g = -160 - 130. What is the units digit of g?
0
Suppose -37 + 112 = 5*m. What is the units digit of m?
5
Let d = 152 + -41. What is the units digit of d?
1
Let z be (-14)/(-18) - (-4)/18. What is t